{"version":"1.0","provider_name":"Com\u00f3radh N\u00e1isi\u00fanta an Ghorta Mh\u00f3ir","provider_url":"https:\/\/www.irishfamine.ie\/ga\/","title":"Cuimhneach\u00e1n N\u00e1isi\u00fanta 2011 - Com\u00f3radh N\u00e1isi\u00fanta an Ghorta Mh\u00f3ir","type":"rich","width":600,"height":338,"html":"<blockquote class=\"wp-embedded-content\" data-secret=\"NN38Ax3HPV\"><a href=\"https:\/\/www.irishfamine.ie\/ga\/cuimhneachan-naisiunta-2011\/\">Cuimhneach\u00e1n N\u00e1isi\u00fanta 2011<\/a><\/blockquote><iframe sandbox=\"allow-scripts\" security=\"restricted\" src=\"https:\/\/www.irishfamine.ie\/ga\/cuimhneachan-naisiunta-2011\/embed\/#?secret=NN38Ax3HPV\" width=\"600\" height=\"338\" title=\"&#8220;Cuimhneach\u00e1n N\u00e1isi\u00fanta 2011&#8221; &#8212; Com\u00f3radh N\u00e1isi\u00fanta an Ghorta Mh\u00f3ir\" data-secret=\"NN38Ax3HPV\" frameborder=\"0\" marginwidth=\"0\" marginheight=\"0\" scrolling=\"no\" class=\"wp-embedded-content\"><\/iframe><script type=\"text\/javascript\">\n\/* <![CDATA[ *\/\n\/*! This file is auto-generated *\/\n!function(d,l){\"use strict\";l.querySelector&&d.addEventListener&&\"undefined\"!=typeof URL&&(d.wp=d.wp||{},d.wp.receiveEmbedMessage||(d.wp.receiveEmbedMessage=function(e){var t=e.data;if((t||t.secret||t.message||t.value)&&!\/[^a-zA-Z0-9]\/.test(t.secret)){for(var s,r,n,a=l.querySelectorAll('iframe[data-secret=\"'+t.secret+'\"]'),o=l.querySelectorAll('blockquote[data-secret=\"'+t.secret+'\"]'),c=new RegExp(\"^https?:$\",\"i\"),i=0;i<o.length;i++)o[i].style.display=\"none\";for(i=0;i<a.length;i++)s=a[i],e.source===s.contentWindow&&(s.removeAttribute(\"style\"),\"height\"===t.message?(1e3<(r=parseInt(t.value,10))?r=1e3:~~r<200&&(r=200),s.height=r):\"link\"===t.message&&(r=new URL(s.getAttribute(\"src\")),n=new URL(t.value),c.test(n.protocol))&&n.host===r.host&&l.activeElement===s&&(d.top.location.href=t.value))}},d.addEventListener(\"message\",d.wp.receiveEmbedMessage,!1),l.addEventListener(\"DOMContentLoaded\",function(){for(var e,t,s=l.querySelectorAll(\"iframe.wp-embedded-content\"),r=0;r<s.length;r++)(t=(e=s[r]).getAttribute(\"data-secret\"))||(t=Math.random().toString(36).substring(2,12),e.src+=\"#?secret=\"+t,e.setAttribute(\"data-secret\",t)),e.contentWindow.postMessage({message:\"ready\",secret:t},\"*\")},!1)))}(window,document);\n\/\/# sourceURL=https:\/\/www.irishfamine.ie\/wp\/wp-includes\/js\/wp-embed.min.js\n\/* ]]> *\/\n<\/script>\n","description":"10 Me\u00e1n F\u00f3mhair 2011 D&#8217;oscail an tUachtar\u00e1n, M\u00e1ire Mhic Giolla \u00cdosa agus a fear c\u00e9ile, Seanad\u00f3ir Martin Mac Giolla \u00cdosa agus Jimmy Deenihan T.D., An tAire Eala\u00edon, Oidhreachta agus Gaeltachta agus Cathaoirleach Coiste Cuimhneach\u00e1in N\u00e1isi\u00fanta an Ghorta Mh\u00f3ir imeacht L\u00e1 Cuimhneach\u00e1in N\u00e1isi\u00fanta an Ghorta Mh\u00f3ir i gCluain Eois, Contae Mhuineach\u00e1in. Sa chuimhneach\u00e1n seo bh\u00ed cl\u00e1r..."}

Comóradh Náisiúnta an Ghorta Mhóir

Cuimhneachán Náisiúnta 2011 - Comóradh Náisiúnta an Ghorta Mhóir

<blockquote class="wp-embedded-content" data-secret="NN38Ax3HPV"><a href="https://www.irishfamine.ie/ga/cuimhneachan-naisiunta-2011/">Cuimhneachán Náisiúnta 2011</a></blockquote><iframe sandbox="allow-scripts" security="restricted" src="https://www.irishfamine.ie/ga/cuimhneachan-naisiunta-2011/embed/#?secret=NN38Ax3HPV" width="600" height="338" title="&#8220;Cuimhneachán Náisiúnta 2011&#8221; &#8212; Comóradh Náisiúnta an Ghorta Mhóir" data-secret="NN38Ax3HPV" frameborder="0" marginwidth="0" marginheight="0" scrolling="no" class="wp-embedded-content"></iframe><script type="text/javascript">
/* <![CDATA[ */
/*! This file is auto-generated */
!function(d,l){"use strict";l.querySelector&&d.addEventListener&&"undefined"!=typeof URL&&(d.wp=d.wp||{},d.wp.receiveEmbedMessage||(d.wp.receiveEmbedMessage=function(e){var t=e.data;if((t||t.secret||t.message||t.value)&&!/[^a-zA-Z0-9]/.test(t.secret)){for(var s,r,n,a=l.querySelectorAll('iframe[data-secret="'+t.secret+'"]'),o=l.querySelectorAll('blockquote[data-secret="'+t.secret+'"]'),c=new RegExp("^https?:$","i"),i=0;i<o.length;i++)o[i].style.display="none";for(i=0;i<a.length;i++)s=a[i],e.source===s.contentWindow&&(s.removeAttribute("style"),"height"===t.message?(1e3<(r=parseInt(t.value,10))?r=1e3:~~r<200&&(r=200),s.height=r):"link"===t.message&&(r=new URL(s.getAttribute("src")),n=new URL(t.value),c.test(n.protocol))&&n.host===r.host&&l.activeElement===s&&(d.top.location.href=t.value))}},d.addEventListener("message",d.wp.receiveEmbedMessage,!1),l.addEventListener("DOMContentLoaded",function(){for(var e,t,s=l.querySelectorAll("iframe.wp-embedded-content"),r=0;r<s.length;r++)(t=(e=s[r]).getAttribute("data-secret"))||(t=Math.random().toString(36).substring(2,12),e.src+="#?secret="+t,e.setAttribute("data-secret",t)),e.contentWindow.postMessage({message:"ready",secret:t},"*")},!1)))}(window,document);
//# sourceURL=https://www.irishfamine.ie/wp/wp-includes/js/wp-embed.min.js
/* ]]> */
</script>

10 Meán Fómhair 2011 D&#8217;oscail an tUachtarán, Máire Mhic Giolla Íosa agus a fear céile, Seanadóir Martin Mac Giolla Íosa agus Jimmy Deenihan T.D., An tAire Ealaíon, Oidhreachta agus Gaeltachta agus Cathaoirleach Coiste Cuimhneacháin Náisiúnta an Ghorta Mhóir imeacht Lá Cuimhneacháin Náisiúnta an Ghorta Mhóir i gCluain Eois, Contae Mhuineacháin. Sa chuimhneachán seo bhí clár...
